 5*f + 5972. Is a composite?
False
Suppose 0*n = -2*b - 3*n + 93802, -5*n = b - 46901. Is b prime?
True
Let g = 135 + -123. Let w = 1 + -1. Suppose -4*n = -w*n - g. Is n prime?
True
Let n = -367 - -543. Let k be 1/(-2*2/(-148)). Let o = k + n. Is o prime?
False
Let t be -1*1/4 + (-300)/(-48). Is 1814*(-2 - (-15)/t) prime?
True
Let s = 15882 - 8731. Is s a prime number?
True
Let d(s) = 4*s - 12. Let f be d(4). Suppose f*k - 74 = 3*k. Is k a composite number?
True
Suppose 3*d - c + 624 = 2*c, -3*d - 4*c - 603 = 0. Suppose 8*r - 8 = -3256. Let h = d - r. Is h composite?
True
Suppose -4*m + 14 = 6. Suppose m*o = 374 + 208. Is o composite?
True
Let l(b) = -6*b + 34. Let v be l(6). Is (v/2)/(2/(-194)) prime?
True
Suppose -14*m = 51 - 1647. Is (m/(-4))/(-2 + (-6)/(-4)) a prime number?
False
Let x = -15 + 27. Suppose 4*j + 2*f = j + 4, 4*f = -4*j + x. Let q(n) = -105*n + 1. Is q(j) a prime number?
True
Suppose 2*q + 2617 = 3*q. Suppose 4*p + p + 3*o - 4351 = 0, 3*p - q = -5*o. Is p prime?
False
Let g(b) = -42*b - 5. Let a(q) = -83*q - 10. Let p(w) = 4*a(w) - 7*g(w). Is p(-12) composite?
True
Let l = 536 + 34. Suppose -3*q - 2*q = 3*n - l, -3*n = 3*q - 576. Suppose p = -4*a + a + 23, -5*p = -5*a - n. Is p composite?
True
Suppose 6*u + 3*u - 4761 = 0. Is u composite?
True
Let w be ((-165)/60)/(1/(-4)). Let c be w*-3*(-4)/12. Let n = 100 - c. Is n composite?
False
Suppose -43901 - 73194 = -5*z. Is z a prime number?
False
Let l be 10*(75/40)/((-6)/(-8)). Is (0 + 47)/((l/(-5))/(-65)) a prime number?
False
Let l(c) = -c**3 + c**2 - c + 14. Suppose 7*x = x. Let h be l(x). Is (h/6)/(4/636) prime?
False
Let u(g) = 28*g - 5 - g + g - 14*g. Is u(6) a prime number?
True
Suppose 1293893 = 50*j - 21*j. Is j composite?
False
Let b be -4*(0 + 6/4). Let m(l) = -3 - 7*l - 8*l - l. Is m(b) composite?
True
Let b(v) = v**3 + 12*v**2 + 27*v - 1. Let s be b(-9). Is (s - 2)*53/(-3) composite?
False
Let k = 80 + -39. Is -31*(k/(-3) - 6/(-9)) composite?
True
Let y = -27 - -25. Is 4 + (-1 - y)*289 a composite number?
False
Let y = 9928 - -34365. Is y prime?
True
Is (2888578/(-770))/(-2*(-2)/(-40)) a prime number?
False
Let k = 6550 + -1877. Is k prime?
True
Let q = 4404 + -2886. Suppose 2*y = 8*y - q. Is y a composite number?
True
Let f = -820 + 1921. Is f a composite number?
True
Let s(y) = -2*y - 3. Let f be s(-7). Let v = -8 + f. Suppose -v*k - k = -268. Is k composite?
False
Suppose -l - 1483 + 4470 = 0. Is l prime?
False
Suppose 3*s = 4 + 2. Is ((-1337)/(-28))/(s/8) a composite number?
False
Suppose -16 = -3*p - j, -p + 7*j - 8 = 4*j. Suppose 0 = 4*i - 8, 5*r - p*i - 111 = 76. Is r a prime number?
False
Suppose 2*q - 829 = 543. Let j be (1 - 3 - -7)*-95. Let b = q + j. Is b a prime number?
True
Let a = -7 - 2. Let n = a + 4. Let g(z) = -2*z**3 + z**2 - 6*z - 2. Is g(n) composite?
True
Is 5 + -6 - 68*-5 a composite number?
True
Let f(w) = -6*w**3 - 2*w**2 + 2*w - 3. Let h = 10 + -8. Let a be f(h). Is (18/(-15))/(2/a) a composite number?
True
Suppose 3*k + 4 = 10. Let d be (k + -1)/((-5)/45). Let y(o) = o**3 + 8*o**2 - 13*o + 1. Is y(d) a composite number?
False
Let q(z) = -z**2 + z - 1. Let p(h) = -141*h**2 - 3*h + 6. Let v(n) = p(n) + 5*q(n). Let j be v(-1). Is (-52)/16*(j + -1) prime?
False
Is 18545*((-8)/32 + (-9)/(-20)) composite?
False
Suppose -a + 10 = 5*y, 1 + 10 = -3*y - 4*a. Suppose -5*m + 2*x + y*x = -50, -2*m + 22 = -4*x. Is 31/(-1 - m/(-6)) composite?
True
Let p(v) = 187*v**2 + 5*v + 2. Let n be p(2). Suppose -3*k - k = -a - n, 5*a = -5*k + 975. Is k a prime number?
True
Suppose q - 4 = 5*q. Let i be (-2 + 3)*-1 - q. Suppose -p = 0, 2*a + 5*p = -i*a + 890. Is a prime?
False
Suppose 3*j + z - 562 = 0, 2*j + 0*z = -4*z + 378. Let s be 45*4/3 - -4. Let i = s + j. Is i a composite number?
False
Suppose 0 = -3*k - 0*k + 42. Let x be 8474/k + 6/(-21). Let n = 932 - x. Is n a composite number?
True
Let t be 2*1 - ((-5 - -5) + -3). Suppose -2*f = 4, -4*o + o = -t*f - 247. Is o a prime number?
True
Let k = 931 + -518. Is k composite?
True
Is 30/6 - -36*844 a prime number?
True
Suppose -5*s = -4*s - 25. Let l be ((-24)/10)/((-10)/s). Is 68 + 3 + l/(-3) a composite number?
True
Let y = 10017 + -5530. Is y prime?
False
Suppose -u - 3 = -2*u. Suppose 0 = 3*g + 5*a - 1, -2*a - 7 - u = -4*g. Suppose 199 = g*s - 7. Is s a prime number?
True
Let a be 23*(5 - 2) - (-1 + -1). Let u = a - -8. Is u composite?
False
Let s = -7 + 11. Suppose n = -0*n + 2*o + 14, s*n = -o + 11. Suppose -n*x + 111 = -x. Is x prime?
True
Suppose -8*b + 8 = -7*b. Let j(s) = s**3 + 5*s - 11. Is j(b) a prime number?
True
Suppose 2*d = 3*m - 3*d - 19, -4*m = -4*d - 20. Suppose -1088 = -2*c + 2*q - 0*q, 550 = c - m*q. Is c composite?
False
Let f = 1437 + 2354. Is f prime?
False
Let j = 16 - 8. Suppose -u + j = u. Suppose -322 = u*a - 6*a. Is a a composite number?
True
Suppose 3*g - 1374 + 3546 = 0. Let s = -1185 - g. Let a = s - -750. Is a prime?
False
Let j = -139 + 10. Is (-1 - j) + (-1 - 0) prime?
True
Let j(v) = v**3 + v**2 + v + 233. Let u be j(0). Let z = u - -144. Is z composite?
True
Suppose 18 = -5*f - 3*r, 24*f = 22*f + 2*r - 20. Let l(o) be the third derivative of o**5/10 - 5*o**4/24 + 5*o**3/6 + o**2. Is l(f) a prime number?
True
Suppose 8*q - 3 = 5*q. Let m be (2 - 2)/(q - -2). Suppose 4*a - 52 = 5*o - 343, 4*o - 2*a - 228 = m. Is o a prime number?
False
Let z(x) = 2303*x + 487. Is z(6) a composite number?
True
Suppose 62*f = 55*f + 3507. Is f prime?
False
Let x(d) = d + d + 145*d**2 - 2*d. Let a be x(1). Suppose -4*c + 75 = 4*s - a, -4*c = -s - 230. Is c a composite number?
True
Let q(h) = -h**3 + 11*h**2 + 5. Let t be q(11). Let c = 15 - t. Is c a prime number?
False
Suppose -6774 = -69*w + 540. Is w prime?
False
Is 4452912/255 + (6/10 - 1) prime?
False
Let j = 88 - 85. Suppose -3*y + 775 = 5*u, j*u - 121 = -y + 132. Is y prime?
False
Suppose f = -0*f. Let y be 1 + f - -2 - 0. Is -1 + y + 31 + 2 a composite number?
True
Suppose 5*j + 464 = 3*j. Let x = j + 417. Is x a prime number?
False
Let q = -46583 + 66600. Is q composite?
True
Let h(t) = -t + 14. Let n be h(7). Suppose -410 = -n*r + 521. Is r composite?
True
Let f = 13022 - 4526. Let n = -5651 + f. Is n a composite number?
True
Let h = -7892 + 12747. Is h prime?
False
Let m(v) be the second derivative of -v**3/6 + 4*v**2 + v. Let n be m(6). Is ((-2)/6)/(n/(-954)) a composite number?
True
Let x(o) = o**3 + 29*o**2 + 28*o + 29. Is x(-23) composite?
True
Suppose 10 = 5*z, 5*z - 63076 + 4990 = -4*g. Is g a composite number?
False
Suppose -14*c + 15*c = 0. Suppose 4*r - 2*f = 3*f + 1896, c = -4*r - 4*f + 1932. Is r a composite number?
False
Suppose -54*c = 5*p - 58*c - 145303, -116242 = -4*p + 3*c. Is p composite?
False
Suppose 13844 = 10*d - 34686. Is d a prime number?
False
Suppose 7*n - 28 = -0*n. Suppose -w + n = w. Suppose -5*j = 5*z - 570, 0*j - w*j + 258 = -4*z. Is j a composite number?
True
Suppose -3 = -2*p + 3. Suppose p*k = 11*k - 664. Let t = k - 48. Is t prime?
False
Let y be (-109)/(-8) - 51/(-136). Suppose 29457 + 6649 = y*q. Is q prime?
True
Suppose 396 = 4*g - 5*m + 143, -5*g - 5*m = -305. Suppose 4*i = i - 6. Is -11 + g - 4/i a composite number?
False
Suppose 2830 = -5*d - 4*j, -2*d + 3*j + 69 = 1201. Let n = d + 331. Let x = n + 396. Is x composite?
True
Let q = 62 - 58. Suppose q*n - 3*n - 5 = 0, x - 819 = 4*n. Is x a prime number?
True
Is 7897077/348 + (0 - 2/(-8)) prime?
False
Suppose v = -2*n + n + 1184, 3*n - 3*v - 3552 = 0. Let b = n - 549. Is b a prime number?
False
Let x = 2322 - 263. Is x a composite number?
True
Suppose -2*c + 8501 = -2701. Let w = c - 2822. Is w prime?
False
Suppose 3*m - 18544 - 16349 = 0. Is m a prime number?
False
Is (9838/4)/(57/570) composite?
True
Let q = -12 + 23. Suppose 0 = 12*p - q*p - 97. Is p composite?
False
Suppose -5*f + 1513 + 1632 = 0. Let p = f - 247. Is p a prime number?
False
Let r be (3/2)/(6/592). Suppose 4*f - 5*l = -102, -f - 4*f - 4*l - r = 0. Is 3716/14 + 12/f prime?
False
Suppose 3*t - 5*x - 38279 - 38013 = 0, 0 = x - 5. Is t prime?
True
Let l = 17 + -10. Suppose 2*m + l = 5. Is 223/(-1)*(m - 0) composite?
False
Suppose -4*n - 26*n + 177420 = 0. Is n a composite number?
True
Let s be ((-4037)/(-22))/(-2*(-2)/8). Suppose 2*g - 54 = 2*b, 2 + 20 = g - 2*b. Suppose g = -